+ -21?
22
What is the value of 1 - -44 - (4046 + -3967)?
-34
What is the value of 11 - (-11 + 26 - 33 - (-7 + 3))?
25
-27 + 6 + -5 + 56 + 11
41
What is 92 + -27 + -10 - 27?
28
Calculate -1 + (3 - 64 - -25).
-37
Evaluate -1 + 25 + (4 + -42 - -21) - -32.
39
Calculate (-3 - (1 - 3)) + 14 + -7 - (262 + -363).
107
Evaluate -12 - (1 - ((4 - (2 + 2)) + 11)).
-2
Evaluate (12 + 84 - -14) + -117 + 137.
130
(-88 - -43) + 44 - ((17 - 13) + 147 + 0)
-152
16 - (1 - -12) - (88 + (-2 - 4))
-79
Calculate 123 + -87 + -119 - -29.
-54
Evaluate 34 + 5 - ((-6 - 5) + -15 + 38).
27
What is 37 - 83 - -62 - 21?
-5
Calculate -46 + -19 + 93 - 15.
13
(2 - (-3 + 38)) + -4 - (-694 + 701)
-44
11 - 9 - (1 + 13) - 11 - (-27 + 23)
-19
Evaluate -13 + (-4 - -2) + 66 - (-15 + 1 - -3).
62
Calculate 41 + -19 + -72 - -40.
-10
What is the value of -6 + (-27 - -49 - 37 - (0 - -6))?
-27
What is the value of (-52 - -23) + -24 + 40?
-13
What is the value of 32 + (38 - 161) + 65?
-26
5 - (-27 - 1 - (0 - (-12 + 12)) - -7)
26
What is -3 + -2 + -8 + -14 + 38 - -29?
40
Evaluate 78 + (-3 - (5 + -10)) + (-6 - (-11 - -6)).
79
What is -3 + 17 - (55 - (-50 - -50))?
-41
What is (-14 - 1 - (-177 + 169)) + -39 + -3 + 11?
-38
Calculate 15 + -96 + 3 - (41 - 45).
-74
What is -36 + 0 + -2 + 3 + -491 + 492?
-34
What is the value of 74 + (-42 - 7) + -8?
17
-9 + (23 - (23 - (3 + 71)))
65
Calculate (20 - 66) + 32 + 23.
9
What is -9 + 122 + -10 + (-4 + 7 - 22)?
84
Calculate -17 - (9 + 5 - (160 - 164)).
-35
What is the value of 6 + -134 - (1726 + -1962)?
108
What is 83 - (95 - (-43 + 102))?
47
Calculate -50 - (1 + 0 - 18 - (-3344 + 3310)).
-67
Evaluate 140 - (77 - (56 - 119)).
0
Evaluate -6 + -10 + 17 - (15 + (-21 - -13)).
-6
What is the value of (33 - ((13 - -10) + -26)) + 21?
57
What is -25 - (-2 + (13 - (-6 - -7)) + 0 + -16)?
-19
What is the value of 35 - (47 + -21 - 27 - (3 + 1))?
40
What is (-10 - -11) + -2 + 50 + -69?
-20
What is (10 - (-9 + 3)) + -32 + 28?
12
Evaluate (7 - (-6 - 7)) + -12 - (5 - 23).
26
What is -11 - (11 + (25 + -115 - -16))?
52
(-8 - (-17 - -4)) + -8 + (34 - 9)
22
Calculate 74 - (-27 + 55 - -64).
-18
-10 - (-11 + 48) - (-1 - (-1 - -1)) - -2
-44
-333 - -294 - (-3 + 9 + -8)
-37
What is the value of -1684 - -1674 - ((1 - 0) + 9 + 69)?
-89
1 + -87 + 51 + -73 + 21
-87
(1 - 70) + 12 + (-19 - -11) - 8
-73
What is 23 + (-52 - -12 - -15) + 8?
6
Calculate 13 + -114 + (204 - 181).
-78
What is 51 + -105 + (53 - -6)?
5
What is the value of -8 + 10 - 72 - (8 - 28)?
-50
3 + -10 - (2 - (71 - 49))
13
Evaluate -6 - (20 - 20 - (1 - (25 - (3 + -3)))).
-30
Evaluate (-268 - -143) + 133 - (-1 - 26 - -2 - 1).
34
Evaluate (-1 - 46) + -128 + 153.
-22
What is the value of 15 + -2 + 0 - (-33 - -15 - -27)?
4
What is 36 + (16 + -18 + 14 - (-5 + 7))?
46
(-43 - -34) + (0 - 6 - (65 - 38))
-42
-5 + -3 + 2 - (349 - 342)
-13
Evaluate (51 - -22) + 16 + -20.
69
Calculate 1 + -12 + 0 - (43 + 64 - 16).
-102
(-4 - (6 + 5)) + (-2 - (0 + 32 - 9))
-40
Calculate -108 + 4 + -638 + 671.
-71
3 - (11 - 56 - -8)
40
What is 45 - (18 - 24) - -9?
60
What is the value of -117 - (29 - 68) - -57?
-21
What is the value of (10 - 25) + (16 + 22 - -4)?
27
Calculate -7 - (-77 + 45 + -6 + (-3 - 1)).
35
Evaluate 171 + -172 - (-6 + 44 + 2 + -3).
-38
3 + (10 - (21 - (6 - 8))) - (-1 - -8)
-17
What is the value of -34 + 47 + -93 + 31?
-49
What is the value of (-58 + 2 - 7 - 9) + (-18 - (19 + -38))?
-71
-39 + 18 + -7 + -14 + 10
-32
-63 - (-50 - -37 - ((0 - -1) + -3))
-52
What is -94 + 30 + (-8 - -28 - 40)?
-84
What is the value of -13 + 5 - (-27 - (-17 + -2) - -19)?
-19
-1 + (-94 - -2) + -9 + -2 + 8 + -4
-100
What is -28 + 0 - (-22 + 6 + -4 + 7)?
-15
What is the value of (-545 - -538) + (2 - -6 - (-1 + -2))?
4
What is the value of (-57 - (32 - 82)) + (1 - -6 - 2) - -1?
-1
Calculate (-150 + 154 - ((-2 - 0) + 3)) + -88 + 120.
35
Evaluate -43 + -5 + (89 + -88 - -87).
40
What is -6 - -20 - 5 - -9 - 70?
-52
What is (-50 - 0 - 1 - -2) + (586 - 594) - -6?
-51
Calculate -17 - ((12 - -1) + 286 + -292).
-24
What is -49 - 1 - (49 - (7 - -40))?
-52
Calculate 1 + (-12 - 8) + 18 - (-3 + -4 + 4).
2
What is 9 - (-3 - -5) - 2?
5
What is the value of 46 + -6 - 47 - (6 - -27)?
-40
What is 2 - ((-24 - (-13 + -15 + 17)) + -9)?
24
What is the value of (-1646 - -1616) + -4 + 0 + 16?
-18
Evaluate (7 - 15) + -46 + 34 + 111.
91
What is the value of 27 + 0 + (-36 + 48 - 6)?
33
What is -309 + 301 + 1 + -2 - ((-3 - -2) + -9)?
1
Calculate 44 + 3 + -81 + 73 - 72.
-33
What is the value of (-57 - -79) + (-8 - 37) + 15?
-8
What is the value of -1723 + 1651 - (-45 + -1)?
-26
-16 - (6 + -32 + 28)
-18
Evaluate 3566 + -3400 + (-2 - 90).
74
What is (3 + (-2 - -14) + -12 - -11) + 17?
31
(-113 + 72 - -44) + (3 - 12)
-6
Evaluate 0 + 19 + 11 - 76.
-46
Evaluate -216 - -259 - (7 - 3 - -9).
30
Evaluate 45 + (1 - -2) + (-39 - -82 - 50).
41
Calculate (-17 - -3 - 0) + (83 - 74) - (-60 - -2).
53
What is the value of 8 - (21 + 32 + -72)?
27
What is the value of -124 - -139 - (-9 - -3 - -21)?
0
Evaluate 91 + -124 + 6 + -5.
-32
Evaluate 5 + -8 + 20 + 10 - (-10 - -12).
25
What is -12 - ((13 - 32) + -1 + 5 + -2)?
5
3 - (28 + -1 - ((-74 - -94) + -11))
-15
-4 - -2 - (21 + -7) - (-460 + 474)
-30
-8 - (24 - 25 - 11) - (10 - -4) - 102
-112
What is the value of 5 + 0 + (-2 - -74) + -779 + 743?
41
What is the value of (-7 - 20) + 14 + -3 - -25?
9
Evaluate -109 + 111 + -11 + (1 - 37).
-45
Calculate -2 - -38 - (-48 + (11 - -50)).
23
What is the value of -35 + (30 - 20) - -75?
50
What is the value of 2 - -1 - (117 - (-19 - (11 + -21)))?
-123
Calculate -14 - ((-16 - (14 + -37)) + 6 - 47).
20
25 - (-13 + 62 + -15) - 17
-26
Calculate (6 - 3 - 5) + (113 - 105) - (3 - 48).
51
(-3 - (2 + -17) - (-260 + 281)) + (64 - 3)
52
Evaluate -27 + 145 + -36 + -87.
-5
What is the value of (-27 + 35 + -13 - -3) + (6 - 3)?
1
7 + (-6 - 32) - (-223 + 218)
-26
What is -8 + ((0 - (14 + -4)) + -1 - -9)?
-10
Calculate (-6 - (-28 - -30 - -8)) + 67.
51
Evaluate 79 - 100 - 41 - -150.
88
Evaluate 26 + -1 + (9 - 16 - 3) - 93.
-78
52 + (6 + 14 + -15 + -9 - (-2 - 8))
58
-23 + (49 - 8) + -29 - (1 + -63)
51
2 - (24 + 13 - 78)
43
What is the value of -23 + 58 + -21 + (3 + 2 - -2)?
21
Evaluate (1 - -1) + -13 + 2 + 146 + -52 + -97.
-12
What is the value of (-12 - 0) + 71 - ((3 - 23) + (10 - -1))?
68
-2 + -23 - (-10 + -112 + 37)
60
0 + -115 - (-138 - -119) - -15
-81
What is (11 - 26) + (15 + 2 - -15)?
17
Calculate (2 - 21 - (-402 - -396)) + (-2 + 151 - -1).
137
5309 + -5304 - ((0 - -20) + (4 - 3))
-16
-25 + (-11 - (-29 + -9 + 19) - (1 - -3))
-21
Calculate 21 + -44 + -9 - 11.
-43
-30 + -1 + 87 + 3 - (-1 - -14)
46
What is the value of (12 - 7) + -8 + (1 - -38) + 8?
44
(-11 - -12 - -11) + (-3 - 2 - 35) + -2
-30
What is the value of -53 + (-32 - -52) + 37 + -37 + 1?
-32
Calculate (41 - ((14 - 7) + 10)) + 19.
43
What is the value of -7 + 4 + (26 + -26 - 33)?
-36
99 - 10 - (98 + -52)
43
Evaluate (57 - (-8 - -5)) + (26 + -36 - 5).
45
Evaluate (-2 - 7) + -4 + (21 - 14) - -21.
15
What is the value of (-3 - 3) + (-3 + -7 - (-24 + 12))?
-4
What is (-12 - -1) + (-25 - -36) + (-12 - 1) + 18?
5
Calculate 1 + 50 + -1 + (-10 - (-27 + 19)) + 6.
54
27 + (29 + -16 - 13) + (-4 - -12)
35
What is the value of (0 - (-5 + 1) - (546 - 577)) + 13?
48
Evaluate -1 + 39 + (-57 - 8 - -64).
37
What is the value of -10 + 12 + -4 + 54 + (6 - (1 - 1))?
58
What is the value of 64 + -195 - -114 - (-1 - 75)?
59
Calculate -54 - (-68 + 83 - 46).
-23
Evaluate (-3 + (19 - 18) - -1) + (53 - -5).
57
What is the value of -28 + (43 + 74 + -106 - (19 - -2))?
-38
What is the value of -1 + 9 + (51 - 50) - (-2 + 1 + -31)?
41
What is the value of 12 - (-58 + (17 - 10) + -12 + -5)?
80
What is -32 - (0 + (149 - 127))?
-54
Evaluate (4 - -122) + -47 + -62 + 122.
139
What is 97 - ((-81 - 6) + 211)?
-27
109 + -61 + (55 - 26)
77
Evaluate -50 + 78 + -93 - -116.
51
Calculate -33 - (-4 - (27 - -17)).
15
-70 - -95 - 17 - (0 + 0 + 1) - -36
43
19 + -44 + (17 - 0 - (102 + -98))
-12
Calculate 1946 + -1971 + (0 - 10) - (0 - 10).
-25
999 - 1025 - (-50 - 1)
25
Evaluate 18 + 1 + (-15 - -8 - -25).
37
What is (-49 - -100) + -1 - 90?
-40
What is -1 + (-5 - -11) - (9 - -2 - -31)?
-37
What is -2 - 14 - (151 - 155 - (-12 + (-2 - 2)))?
-28
Evaluate (-100 - 20) + -434 + 514.
-40
What is the value of 83 + -92 + (4 - 4 - 3) + 1